 38244526?
2, 17, 127, 521
What are the prime factors of 2186712455?
5, 107, 347, 11779
List the prime factors of 195588897.
3, 7, 43, 167, 1297
List the prime factors of 61662345.
3, 5, 4110823
List the prime factors of 134347666.
2, 37, 1815509
List the prime factors of 473824531.
47, 73, 138101
List the prime factors of 2585089935.
3, 5, 19, 3023497
List the prime factors of 196124167.
196124167
What are the prime factors of 446956335?
3, 5, 7, 137, 10357
What are the prime factors of 6668764223?
11, 29, 79, 409, 647
List the prime factors of 609429272.
2, 97, 785347
List the prime factors of 72420844.
2, 367, 49333
What are the prime factors of 318647159?
318647159
What are the prime factors of 119092677?
3, 11, 37, 8867
List the prime factors of 64935765.
3, 5, 283, 5099
List the prime factors of 897978152.
2, 19, 53, 111467
What are the prime factors of 138107552?
2, 11, 392351
List the prime factors of 3178360888.
2, 19, 20910269
List the prime factors of 140000369.
140000369
What are the prime factors of 975314598?
2, 3, 37, 4393309
What are the prime factors of 16856837?
127, 331, 401
List the prime factors of 593982.
2, 3, 32999
List the prime factors of 17313296.
2, 7, 11, 13, 23, 47
What are the prime factors of 206814327?
3, 67, 797, 1291
What are the prime factors of 64416634?
2, 32208317
What are the prime factors of 1501788574?
2, 11, 13, 5251009
What are the prime factors of 19839256?
2, 31, 79997
List the prime factors of 1086340930.
2, 5, 2791, 38923
List the prime factors of 429708540.
2, 3, 5, 23, 101, 3083
What are the prime factors of 376901768?
2, 47112721
What are the prime factors of 3468862377?
3, 167, 2307959
What are the prime factors of 100299164?
2, 7, 97, 36929
What are the prime factors of 1468135624?
2, 19, 67, 144161
What are the prime factors of 7604947823?
11, 691358893
What are the prime factors of 612917543?
7, 37, 2366477
What are the prime factors of 75259805?
5, 41, 367121
List the prime factors of 47925962.
2, 7, 317, 10799
What are the prime factors of 67158387?
3, 7462043
List the prime factors of 185044594.
2, 7, 3581, 3691
What are the prime factors of 129927023?
23, 5649001
What are the prime factors of 444734028?
2, 3, 701, 17623
What are the prime factors of 3590636439?
3, 13, 43, 167, 12821
List the prime factors of 20605032.
2, 3, 7, 40883
What are the prime factors of 1091865041?
199, 5486759
What are the prime factors of 374970339?
3, 19, 131, 881
List the prime factors of 1002690.
2, 3, 5, 13, 857
List the prime factors of 287788621.
97, 2966893
List the prime factors of 136046848.
2, 7, 31, 79
What are the prime factors of 112344429?
3, 47, 796769
List the prime factors of 2132456452.
2, 7, 76159159
List the prime factors of 52814073.
3, 13, 1354207
List the prime factors of 2442133976.
2, 241, 677, 1871
List the prime factors of 325942337.
7, 61, 67, 11393
List the prime factors of 55762739.
19, 2934881
What are the prime factors of 133984747?
13, 10306519
What are the prime factors of 4384422604?
2, 17, 677, 95239
List the prime factors of 39852348.
2, 3, 19, 103, 1697
List the prime factors of 3906692300.
2, 5, 7, 139, 40151
List the prime factors of 37096871.
7, 397, 1907
What are the prime factors of 1770613498?
2, 113, 7834573
List the prime factors of 82704768.
2, 3, 37, 5821
List the prime factors of 567724211.
109, 5208479
List the prime factors of 14157881.
14157881
List the prime factors of 258799391.
233, 1110727
What are the prime factors of 117700139?
117700139
What are the prime factors of 205476932?
2, 51369233
List the prime factors of 33483282.
2, 3, 7, 19, 41959
List the prime factors of 97447325.
5, 101, 38593
List the prime factors of 6135061320.
2, 3, 5, 17, 211, 4751
List the prime factors of 646975947.
3, 23, 9376463
List the prime factors of 219030657.
3, 73010219
List the prime factors of 663586317.
3, 23, 1068577
List the prime factors of 416693564.
2, 7, 43, 346091
List the prime factors of 753031046.
2, 376515523
List the prime factors of 17392402.
2, 29, 101, 2969
List the prime factors of 2040894847.
199, 1439, 7127
What are the prime factors of 2360778085?
5, 139, 3396803
What are the prime factors of 2250901726?
2, 1125450863
List the prime factors of 173664132.
2, 3, 14472011
What are the prime factors of 67083091?
19, 3530689
List the prime factors of 246212703.
3, 11, 92111
What are the prime factors of 31020267?
3, 10340089
What are the prime factors of 310230092?
2, 397, 195359
What are the prime factors of 19868089?
19868089
List the prime factors of 3495787254.
2, 3, 43, 1505507
What are the prime factors of 18707630?
2, 5, 1033, 1811
List the prime factors of 2769496263.
3, 23, 13379209
List the prime factors of 239397294.
2, 3, 23, 1734763
What are the prime factors of 928798573?
29, 281, 293, 389
What are the prime factors of 67197868?
2, 16799467
What are the prime factors of 15438724?
2, 7, 227, 347
What are the prime factors of 1312160078?
2, 359, 797, 2293
What are the prime factors of 34201399?
17, 283, 7109
What are the prime factors of 44825682?
2, 3, 11, 281, 2417
What are the prime factors of 32485702?
2, 83, 195697
List the prime factors of 48141339.
3, 41, 391393
What are the prime factors of 1756070757?
3, 7, 83, 335833
What are the prime factors of 36191885?
5, 7238377
List the prime factors of 1699490276.
2, 11, 38624779
List the prime factors of 924741101.
41, 43, 431, 1217
List the prime factors of 819115525.
5, 32764621
List the prime factors of 128061827.
128061827
What are the prime factors of 7537274440?
2, 5, 37, 2221, 2293
List the prime factors of 524773494.
2, 3, 7, 59, 73, 967
What are the prime factors of 2197844934?
2, 3, 41, 631, 14159
What are the prime factors of 33213352?
2, 29, 239, 599
What are the prime factors of 508037352?
2, 3, 19, 1114117
List the prime factors of 47382122.
2, 787, 30103
List the prime factors of 1179436642.
2, 17, 23, 37, 40763
What are the prime factors of 193581282?
2, 3, 617, 52291
What are the prime factors of 76215409?
76215409
List the prime factors of 383186141.
13, 23, 271, 4729
List the prime factors of 4410062.
2, 2205031
What are the prime factors of 1566338950?
2, 5, 11, 199, 1301
What are the prime factors of 2621485435?
5, 173, 3030619
What are the prime factors of 400333227?
3, 7, 1249, 15263
List the prime factors of 720070616.
2, 37, 2432671
List the prime factors of 6308890.
2, 5, 7, 90127
List the prime factors of 86059869.
3, 7, 4098089
List the prime factors of 1319149273.
13, 7805617
What are the prime factors of 686944952?
2, 43, 1996933
What are the prime factors of 604651909?
647, 934547
What are the prime factors of 159393590?
2, 5, 1223, 13033
List the prime factors of 57175786.
2, 28587893
What are the prime factors of 59373846?
2, 3, 7, 29, 16249
List the prime factors of 60213620.
2, 5, 3010681
List the prime factors of 30261056.
2, 7, 67547
What are the prime factors of 326645091?
3, 211, 172009
What are the prime factors of 259203109?
11, 97, 242927
What are the prime factors of 50761208?
2, 1889, 3359
List the prime factors of 64184452.
2, 17, 113, 8353
List the prime factors of 119496862.
2, 59748431
What are the prime factors of 40587816?
2, 3, 37, 45707
What are the prime factors of 74079479?
257, 288247
What are the prime factors of 4235475034?
2, 7, 1511, 28603
What are the prime factors of 37832758?
2, 18916379
List the prime factors of 6831556882.
2, 107, 31923163
List the prime factors of 4198995395.
5, 7, 167, 718391
List the prime factors of 41757013.
29, 67, 21491
What are the prime factors of 89125123?
89125123
What are the prime factors of 4855485430?
2, 5, 17, 28561679
What are the prime factors of 62001048?
2, 3, 37, 69821
List the prime factors of 3080700121.
3080700121
List the prime factors of 1435984613.
7, 43, 4770713
What are the prime factors of 732368792?
2, 8269, 11071
What are the prime factors of 1142200968?
2, 3, 47591707
List the prime factors of 1283130543.
3, 983, 435107
List the prime factors of 1196842691.
11, 108803881
What are the prime factors of 2228700547?
29, 76851743
List the prime factors of 1871322332.
2, 11, 43, 989071
What are the prime factors of 2861200674?
2, 3, 17, 9350329
What are the prime factors of 60963